94296 is divided by 23.
19
Calculate the remainder when 70522 is divided by 244.
6
What is the remainder when 277885 is divided by 7510?
15
Calculate the remainder when 5019 is divided by 4983.
36
Calculate the remainder when 6570 is divided by 24.
18
What is the remainder when 5831 is divided by 188?
3
Calculate the remainder when 1250304 is divided by 416765.
9
Calculate the remainder when 108751 is divided by 671.
49
What is the remainder when 36694 is divided by 44?
42
What is the remainder when 656099 is divided by 100?
99
Calculate the remainder when 150451 is divided by 1406.
9
Calculate the remainder when 259187 is divided by 41.
26
What is the remainder when 583787 is divided by 1364?
1359
Calculate the remainder when 334879 is divided by 56.
55
What is the remainder when 16997 is divided by 88?
13
What is the remainder when 2975 is divided by 1541?
1434
What is the remainder when 1990128 is divided by 628?
624
What is the remainder when 13161 is divided by 1877?
22
What is the remainder when 20612 is divided by 646?
586
Calculate the remainder when 60632 is divided by 427.
425
Calculate the remainder when 10646 is divided by 2109.
101
Calculate the remainder when 692 is divided by 256.
180
What is the remainder when 24523 is divided by 681?
7
What is the remainder when 48997 is divided by 310?
17
Calculate the remainder when 3603 is divided by 228.
183
Calculate the remainder when 48472 is divided by 2187.
358
What is the remainder when 1905 is divided by 550?
255
What is the remainder when 20170 is divided by 916?
18
Calculate the remainder when 8849 is divided by 979.
38
What is the remainder when 15140 is divided by 326?
144
Calculate the remainder when 1860 is divided by 1809.
51
What is the remainder when 514333 is divided by 8?
5
What is the remainder when 3445 is divided by 202?
11
Calculate the remainder when 98988 is divided by 38.
36
Calculate the remainder when 5201 is divided by 730.
91
What is the remainder when 3354 is divided by 52?
26
What is the remainder when 18308 is divided by 9142?
24
What is the remainder when 14428 is divided by 204?
148
What is the remainder when 11478 is divided by 13?
12
What is the remainder when 927 is divided by 256?
159
What is the remainder when 36673 is divided by 12105?
358
Calculate the remainder when 6827417 is divided by 10.
7
Calculate the remainder when 2614 is divided by 425.
64
What is the remainder when 37257 is divided by 13?
12
Calculate the remainder when 22260 is divided by 212.
0
What is the remainder when 13215 is divided by 9?
3
What is the remainder when 202629 is divided by 6987?
6
What is the remainder when 44777 is divided by 22?
7
What is the remainder when 3890293 is divided by 997?
996
Calculate the remainder when 571 is divided by 141.
7
What is the remainder when 2496 is divided by 624?
0
Calculate the remainder when 1213858 is divided by 15.
13
Calculate the remainder when 33394 is divided by 2087.
2
What is the remainder when 997 is divided by 996?
1
What is the remainder when 313042 is divided by 9486?
4
What is the remainder when 321037 is divided by 66?
13
Calculate the remainder when 59615 is divided by 324.
323
What is the remainder when 1740 is divided by 176?
156
What is the remainder when 1208 is divided by 177?
146
Calculate the remainder when 29878 is divided by 249.
247
What is the remainder when 15450 is divided by 46?
40
What is the remainder when 3833 is divided by 1048?
689
Calculate the remainder when 2433 is divided by 34.
19
What is the remainder when 211 is divided by 70?
1
What is the remainder when 25738 is divided by 25673?
65
Calculate the remainder when 11443 is divided by 37.
10
Calculate the remainder when 4355 is divided by 185.
100
Calculate the remainder when 98055 is divided by 69.
6
What is the remainder when 64556 is divided by 81?
80
What is the remainder when 9448 is divided by 54?
52
Calculate the remainder when 60393 is divided by 610.
3
Calculate the remainder when 488574 is divided by 637.
632
What is the remainder when 8063 is divided by 132?
11
What is the remainder when 21585 is divided by 56?
25
What is the remainder when 4934 is divided by 224?
6
Calculate the remainder when 407703 is divided by 22.
21
What is the remainder when 26160 is divided by 13071?
18
Calculate the remainder when 4959 is divided by 92.
83
What is the remainder when 91377 is divided by 427?
426
What is the remainder when 48262 is divided by 279?
274
What is the remainder when 16856 is divided by 1685?
6
What is the remainder when 1566 is divided by 597?
372
Calculate the remainder when 18504 is divided by 6164.
12
What is the remainder when 1233331 is divided by 155?
151
Calculate the remainder when 2193 is divided by 41.
20
Calculate the remainder when 2257 is divided by 8.
1
What is the remainder when 157201 is divided by 133?
128
Calculate the remainder when 24924 is divided by 12450.
24
What is the remainder when 405 is divided by 219?
186
Calculate the remainder when 4606 is divided by 518.
462
What is the remainder when 129671 is divided by 475?
471
What is the remainder when 7903 is divided by 1573?
38
What is the remainder when 328 is divided by 11?
9
What is the remainder when 74980 is divided by 115?
0
What is the remainder when 872986 is divided by 32?
26
What is the remainder when 79581 is divided by 13261?
15
Calculate the remainder when 389901 is divided by 814.
809
Calculate the remainder when 59981 is divided by 1871.
109
Calculate the remainder when 1483 is divided by 1297.
186
What is the remainder when 578 is divided by 259?
60
Calculate the remainder when 431 is divided by 379.
52
What is the remainder when 3884 is divided by 72?
68
Calculate the remainder when 33804 is divided by 554.
10
What is the remainder when 5268 is divided by 2631?
6
Calculate the remainder when 5127 is divided by 325.
252
Calculate the remainder when 4505 is divided by 98.
95
What is the remainder when 36935 is divided by 1275?
1235
What is the remainder when 639882 is divided by 277?
12
Calculate the remainder when 20245 is divided by 596.
577
Calculate the remainder when 275490 is divided by 53.
49
Calculate the remainder when 144755 is divided by 1328.
3
Calculate the remainder when 5388 is divided by 1533.
789
What is the remainder when 125073 is divided by 5?
3
What is the remainder when 2378 is divided by 416?
298
Calculate the remainder when 62422 is divided by 118.
0
Calculate the remainder when 10425 is divided by 1728.
57
What is the remainder when 14250 is divided by 139?
72
Calculate the remainder when 29450 is divided by 1015.
15
What is the remainder when 380307 is divided by 35?
32
Calculate the remainder when 31667 is divided by 29.
28
Calculate the remainder when 12248 is divided by 11.
5
Calculate the remainder when 1455 is divided by 612.
231
Calculate the remainder when 84508 is divided by 15.
13
Calculate the remainder when 674333 is divided by 60.
53
What is the remainder when 179199 is divided by 131?
122
Calculate the remainder when 2050 is divided by 376.
170
Calculate the remainder when 590 is divided by 442.
148
What is the remainder when 4319 is divided by 118?
71
Calculate the remainder when 61138 is divided by 122.
16
What is the remainder when 14997 is divided by 394?
25
What is the remainder when 1498 is divided by 1057?
441
Calculate the remainder when 36913 is divided by 69.
67
What is the remainder when 11875 is divided by 2966?
11
Calculate the remainder when 40134 is divided by 155.
144
Calculate the remainder when 712 is divided by 34.
32
What is the remainder when 29843 is divided by 127?
125
What is the remainder when 28321 is divided by 20?
1
Calculate the remainder when 155016 is divided by 795.
786
What is the remainder when 19860 is divided by 205?
180
Calculate the remainder when 44144 is divided by 266.
254
What is the remainder when 604 is divided by 526?
78
Calculate the remainder when 10211 is divided by 376.
59
What is the remainder when 5300 is divided by 1301?
96
What is the remainder when 17098 is divided by 1206?
214
What is the remainder when 22826 is divided by 2365?
1541
What is the remainder when 49993 is divided by 877?
4
What is the remainder when 17487 is divided by 22?
19
What is the